inder when r is divided by 9.
5
Suppose 153 = f - 167. Suppose -2*o + 12*o = f. Let h = -5 + 12. Calculate the remainder when o is divided by h.
4
Suppose 11*z - 36*z = -7950. Calculate the remainder when z is divided by 25.
18
Let r(h) = h**3 + 45*h**2 + 49*h + 222. Calculate the remainder when 12 is divided by r(-44).
0
Suppose -27 = 2*i - 7*i - 2*r, -3*r = -4*i + 40. Calculate the remainder when i is divided by (60/(-8))/(-5 - 14/(-4)).
2
Suppose 5*b = 59 + 86. Let n(o) be the second derivative of -o**4/12 - o**3 + 50*o**2 - 182*o. What is the remainder when b is divided by n(-13)?
2
Let p be (-8)/36 - 130/(-18). Suppose -26 = -p*s + 6*s + v, 3*v - 46 = -s. Calculate the remainder when -11*(-1 - (3 + 3)) is divided by s.
15
Let k(u) = 3*u**2 - 14*u + 9. Let s be k(6). Let z = s + -27. What is the remainder when 75 is divided by 2 + -1 + 16 + (-24)/z?
10
Suppose n + n = 3*q + 40, -n + 3*q = -17. Suppose 4*t - n = 13. What is the remainder when (202 - -12)/((-1 - 3) + 6) is divided by t?
8
Let d(h) = -h**2 + 2*h + 47. Let p be d(8). Calculate the remainder when (-1 + 8)/(p*(-1)/27) is divided by 51.
36
Suppose -4*x = -7*g + 3*g + 28, x = -3*g + 25. Suppose 259 = 5*i + 2*h, 155 = 3*i + 8*h - 7*h. What is the remainder when i is divided by g?
3
Let a be (-1 - -2)/(9/9)*0. Suppose -5*p - 5 = a, -8*t + 52 = -6*t - 4*p. What is the remainder when t is divided by 13?
11
Suppose -5*o + 447 = -3*h, 46 = -h + 42. What is the remainder when 279 is divided by o?
18
Let h be 4/(-6) - (-987)/9. Let r = 3763 + -3641. Suppose i + h = r. What is the remainder when 45 is divided by i?
6
Let k(l) = -l + 110. Let w(o) = 2*o**3 - 24*o**2 + 4*o - 20. Let p be w(12). What is the remainder when k(p) is divided by 45?
37
Suppose -5*j - 74 = -2*z - 744, j - 4*z - 152 = 0. Calculate the remainder when 339 is divided by j.
75
Suppose 5*f = -3*g + 59, -g + 2*f - 9 = -14. Suppose -7*s = -6*s - 49. Calculate the remainder when s is divided by g.
10
Let a(b) = 16 - 79 - 6845*b + 6824*b. What is the remainder when a(-6) is divided by 31?
1
Suppose 115*f = -6*f + 10527. What is the remainder when 1998 is divided by f?
84
What is the remainder when 1383 is divided by 6/(-10) + ((-1547371)/245)/(-23)?
13
Suppose 3*j + 5*w - 4151 = 4116, 3*w = -4*j + 11008. Suppose -5*f + 3*g + j = 0, -3*f - 4*g = -1563 - 69. Calculate the remainder when f is divided by 22.
20
Calculate the remainder when 108 is divided by (-10192)/273*(1 - 14/8).
24
Suppose -2*s - 3*w + 5 = 0, -2*w - 22 = -0*s - 5*s. What is the remainder when s*5*(13/2)/1 is divided by 22?
20
Let g(k) = -9*k - 14. Suppose -18*d - 22 = -17*d. Calculate the remainder when g(d) is divided by 33 - (5 + -2 - 7).
36
Let f be -8 + (8 + -1 - 5). Let v(g) = g**3 + 3*g**2 - 26*g - 9. Calculate the remainder when 141 is divided by v(f).
24
What is the remainder when 1740 + (14 - 8) + -19 is divided by 108?
107
Let l be (-11)/6 - 5/30. Let c(u) be the third derivative of -19*u**4/24 + 2*u**3 - 41*u**2. What is the remainder when c(l) is divided by 14?
8
Suppose -3*l + 12830 = 12371. What is the remainder when 412 is divided by l?
106
Let h(v) = 8*v**2 + 8*v - 15. Suppose 0 = -7*x + 4*x + 9. Calculate the remainder when h(x) is divided by (2/(-2) - 6)*-2.
11
Suppose 5*y + 5 = 0, y + 31 = -552*t + 554*t. Calculate the remainder when 215 is divided by t.
5
What is the remainder when -1*(-29 - -12) - -235 is divided by 27?
9
Let u(v) = 7*v - 9. Let j be u(7). Suppose -4*p = 4*t - 60, 3*p + 2*t = 6*p - j. What is the remainder when 2/(0 + (-12)/(-654)) is divided by p?
11
Let g be (-368)/(-36) + (-8)/36. Suppose 8*j = g*j - 48. Suppose i - j = -i. Calculate the remainder when 35 is divided by i.
11
Suppose -8*a + 57 - 17 = 0. What is the remainder when 1 - (-39 + a/(25/20)) is divided by 13?
10
Let i = -122 + 189. Suppose -5*y = 0, -5*k + 418 = -4*y - i. What is the remainder when k is divided by 50?
47
Suppose -5*f + 71 = -24. Let u = -46 + 59. Suppose u = -5*z + 48. What is the remainder when f is divided by z?
5
Suppose 2*x + d + 36 = 572, 5*x = 3*d + 1307. Calculate the remainder when 1057 is divided by x.
262
Let v = 230 - 230. Suppose v*t - 88 = -t. Calculate the remainder when t is divided by 41.
6
Let f(i) = 2*i**3 - 18*i**2 + 120*i + 111. What is the remainder when f(9) is divided by 298?
297
Let d be 10/4 + (-1)/(-2). Suppose -2*o - 4*n + 130 = 0, o - d*n - n = 71. Let b = -12 + o. What is the remainder when b is divided by 21?
13
Suppose -2*h = -8*n - 33472, 19*n = 21*n + 8. What is the remainder when h is divided by 6?
4
Suppose -4*k + 3*f + 878 = 0, 5*k = -10*f + 13*f + 1096. Let s = k + -48. What is the remainder when s is divided by 35?
30
Suppose -77*n = -32361 - 43407. Calculate the remainder when n is divided by 141.
138
Let x(w) = -314*w + 206. What is the remainder when x(0) is divided by 140/(-50)*(-5)/2 - -2?
8
Let q(w) = -w**3 + 4*w**2 - w - 5. Let y be q(4). Let j = 32 + y. Let f(g) = -38*g - 806. Calculate the remainder when f(-23) is divided by j.
22
Let a(h) = 8*h + 69. Let f be a(-8). Suppose -140 = -5*d - 3*q, 2*d + f*q - 6*q - 56 = 0. What is the remainder when 195 is divided by d?
27
Suppose -22*x + 25*x = -2*g + 321, 24 = 4*g. Calculate the remainder when x is divided by 18.
13
Let f = -8268 - -8290. What is the remainder when 349 is divided by f?
19
Suppose 2000 = 2*p + 2*b + 2*b, -2*p + 4*b = -2008. Calculate the remainder when p is divided by 5.
2
Let t(b) = -24*b - 97. Let m be t(-4). Let k(w) = 63*w**2 - 2*w - 3. What is the remainder when 246 is divided by k(m)?
60
Suppose y + 13*t = 11*t + 441, 3*t - 3 = 0. What is the remainder when y is divided by 6?
1
Let j(z) = -15*z + 1349. Calculate the remainder when j(39) is divided by 146.
34
Suppose 3*c + 2*y = 7*y, c = 5*y - 10. Suppose -n + 1518 = c*j, 6 = -0*n + 2*n. Calculate the remainder when j is divided by 9.
6
Let w = -16555 + 16759. What is the remainder when 2236 is divided by w?
196
Let z(t) = -2*t + 3. Let j be 18/(-8) + 2 - 2/(-8). Let b be z(j). Suppose 3 = -b*v, -4*v = h + h - 94. Calculate the remainder when h is divided by 11.
5
Suppose -3*z + 0*z + 63 = 0. Let f = -1471 + 1486. Suppose q + 3*v - 62 = 30, 5*v = -f. Calculate the remainder when q is divided by z.
17
Let m be 33/(-99) + -6*(-8)/9. Suppose -m*l + 3*f + 480 = 0, -78 = -l - 0*l - 3*f. Calculate the remainder when l is divided by 11.
5
Let x = 1840 - 1343. Calculate the remainder when x is divided by 18.
11
Suppose -47*s + 20 = -52*s. What is the remainder when -1 + 163 + (1 - s)*1 is divided by 63?
41
Let c = -1402 - -1422. Let b(v) = -3*v**2 + 5*v - 2. Let q be b(4). Let x = c - q. What is the remainder when x is divided by 13?
11
Suppose -4*x + 24*u - 93 = 19*u, -2*x = -u + 45. Let v(l) = l**3 + 19*l**2 - 71*l + 9. Calculate the remainder when v(x) is divided by 32.
23
Suppose 0 = 39*v - 19*v - 20. Calculate the remainder when v*8/((-48)/(-42)) is divided by 3.
1
Let c(d) = d + 71. Let s be c(0). Let z be s/((-1)/(-5) - (-30)/(-25)). Let b = -41 - z. What is the remainder when b is divided by 11?
8
Suppose 0 = -121*m + 2770 + 255. Calculate the remainder when 856 is divided by m.
6
Let y be ((-7)/(-2) + -4)*-166. Let k = 91 - y. Calculate the remainder when (-42)/(-4 - -2) - 4 is divided by k.
1
Let y = -1 + 34. Suppose 0 = 4*o + 4, -5*o + 99 = -4*x - 8*o. Let h(m) = -7*m - 39. Calculate the remainder when h(x) is divided by y.
30
Suppose 726*y = 805*y - 6162. Calculate the remainder when y is divided by 6 - ((3 - 2) + -3).
6
Let b(i) = 21*i**2 - 26*i - 44. Calculate the remainder when b(-3) is divided by 222.
1
Let f = 44 - 154. Let x be (-9)/(-10)*4 - 44/f. Suppose u - 128 = 4*g, x*g = -5*u - g + 665. Calculate the remainder when u is divided by 9.
6
Suppose -24 = -5*n + 6. Suppose 4*s + n = 5*s. What is the remainder when s is divided by (364/819)/((-2)/(-9))?
0
Let x(n) = 44*n - 955. Suppose -4*a + 107 = -81. What is the remainder when a is divided by x(22)?
8
Suppose 265*l - 86 = 263*l. Let d = l + -36. Calculate the remainder when 10 is divided by d.
3
Suppose -70*j - 168611 = -173*j. Calculate the remainder when j is divided by 1627.
10
Calculate the remainder when 302 is divided by 530378/4581 - (8/18)/(-2).
70
Suppose 3*n - 3521 = 4*c + 1287, 7*c + 14 = 0. Calculate